0 + 4 - (-1 + -3))?
0
What is the value of (1 - -2) + (-116 - -112)?
-1
What is -3 + (6 - -1) + (6 - 9)?
1
(0 - 0) + -2 + 6
4
Evaluate (-10 - -3) + 2 + 3.
-2
What is ((-2 - 5) + 6 - 5) + -1?
-7
Calculate -5 + (3 - 0) - (8 - 6).
-4
What is (-1 - -5) + -1 + -2 + 1?
2
Evaluate -11 - (-6 + 0) - -3.
-2
Evaluate 6 + -2 - (-2 - (1 - 4)).
3
Evaluate 0 + 1 + (-4 - -1 - 2).
-4
Evaluate -8 + 8 - (2 - -1).
-3
Evaluate 1 + (3 - 4) + 0 + -4.
-4
What is 4 - (5 + -7) - (1 + 3)?
2
2 - 0 - (-3 - (5 - 4))
6
0 + (-4 + -10 - (-11 - -4))
-7
What is (1 - (0 - 1 - -1)) + 4?
5
Evaluate 2 + -4 - (-10 + (10 - -5)).
-7
What is the value of 11 + -7 - (8 + -1)?
-3
Calculate (5 - (-8 - -8)) + -9.
-4
Evaluate 1 - (6 + -1 + 8 + -7).
-5
Calculate -19 + 27 + (1 - 10).
-1
Evaluate 2 + 0 + 1 + -8.
-5
-6 - -9 - (3 - 1 - 4)
5
Evaluate (6 - (1 + 2)) + -1 + 0.
2
What is (-1 - 0) + (-2 - 0) + -1?
-4
Evaluate 5 - -5 - (-2 + (4 - -1)).
7
Calculate (3 - 1 - -2) + 1.
5
What is -23 - (-22 - 9) - (-1 - -16)?
-7
Calculate -4 + -11 + -2 + 13.
-4
Calculate 6 + -2 - (0 - -7).
-3
Calculate -3 - (-6 + (-4 - 0) + 7).
0
Evaluate (0 - -7) + (-38 - -27).
-4
Evaluate (2 - (9 - 13)) + (0 - 14).
-8
What is the value of 8 + -2 + 5 - 6?
5
What is the value of (1 - 0 - 3) + 2?
0
What is 7 + -1 + -1 + 0?
5
Evaluate -1 - 0 - (-16 + 14) - -4.
5
Evaluate (4 - 4) + (0 - 3).
-3
6 - (-1 + 6 - -2)
-1
What is the value of 0 - (5 - 9) - 7?
-3
What is the value of 4 - (2 - (-12 + 5))?
-5
Calculate -3 + 4 + (-1 - -3).
3
Calculate -2 + 5 - (-5 + 11) - -4.
1
Evaluate -3 - (9 - 20) - 7.
1
What is 15 + -8 - (-3 - -14)?
-4
Calculate (-4 - 4) + 4 + 8.
4
What is the value of -42 + 24 - ((-2 - -2) + -8)?
-10
12 - (18 + (4 - 15))
5
(3 - 1 - 2) + 5
5
Evaluate -6 + (0 - (-4 - 0)) + 7.
5
0 + 0 + (0 + 3 - 2)
1
Calculate (12 - 16) + 14 + (-1 - 3).
6
8 - 0 - (7 + -5 + 1)
5
Calculate -3 - -1 - (0 - 0).
-2
-1 + -1 + 0 + -1
-3
-4 - (6 + -1 - 4)
-5
What is 2 + (-3 - (1 + -1 + 3))?
-4
What is the value of 3 + 1 + (-1 - 5 - 2)?
-4
Calculate (2 - -6) + (-2 - 3) + -10.
-7
Evaluate 6 + 6 + (-22 - -5).
-5
What is 4 + (-9 - (4 + -6))?
-3
What is the value of -5 + 5 + -1 + -4?
-5
What is the value of (-11 - -3) + 12 - (2 - -2)?
0
Evaluate -3 - (7 + -2 + -3) - 0.
-5
Calculate 12 + (-11 - 1) + (-1 - -10).
9
Evaluate 9 + -2 + -4 - 8.
-5
What is the value of 0 + -1 - (-6 + 9)?
-4
What is the value of 22 - 27 - (-6 + 3 + 1)?
-3
What is the value of (8 - 5) + (-2 - -4) + 0?
5
-8 - (4 + -2 - 7)
-3
0 + 1 + -10 + 13
4
Calculate -2 + 8 + (19 - 8) + -7.
10
What is the value of 1 + (11 - (-7 + 18))?
1
Evaluate -1 - (1 + (4 + -4 - 4)).
2
What is the value of 9 + -4 + 0 - 1?
4
-1 + 5 - (2 - (0 + 1))
3
What is the value of 3 + 1 - (-3 + 6)?
1
What is the value of (-8 - -9) + -3 + -1?
-3
-4 + 8 + -2 + (4 - 0)
6
Evaluate -3 + (3 - (6 + -2)).
-4
What is the value of 3 - (4 - -3) - -3?
-1
What is -7 + 3 + -8 + (-1 - -7)?
-6
What is 8 - (-2 - (-10 - -9))?
9
Evaluate 10 + (6 - (-12 + 24)).
4
What is the value of -7 - -15 - (-3 + 5 - 0)?
6
-27 + 32 + -2 + -3 + 2
2
-1 - (-1 - (-2 + -1))
-3
What is 0 + (5 - 8) + 2 - 4?
-5
What is 6 - 12 - (-21 + 6)?
9
Calculate -10 + 1 + 3 + 11.
5
2 - (0 - 6 - (24 + -37))
-5
Calculate (10 - 0) + (1 - 6).
5
0 - (4 + -10 + 2 - -9)
-5
What is the value of (-3 - (-2 + 1)) + 23 + -26?
-5
What is the value of 0 - (-1 - (-6 + 3)) - -1?
-1
What is 1 + 1 - (1 - (-6 + 7))?
2
Evaluate -5 - (1 - 5 - (5 - 1)).
3
(13 + -5 - (3 + 0)) + -1
4
Evaluate (8 - 5) + (1 - 5 - -3).
2
2 - (5 - (8 - 4 - 4))
-3
What is -3 - (1 - (5 + -1))?
0
What is -1 + (7 - 1 - 3)?
2
Evaluate 2 + -6 + (-3 - -1).
-6
Calculate -3 - (-3 - 4) - (3 + -3).
4
(0 + -1 - -1) + -5
-5
What is the value of -5 + -7 + 14 + (-1 - -4)?
5
Evaluate 3 - -3 - (4 + 4 + 1).
-3
Evaluate (0 - 2 - 6) + (-8 - -6).
-10
Calculate 12 + -7 - -7 - 12.
0
What is the value of (3 - 6 - -10) + -2?
5
What is the value of (-10 - (-2 - 1)) + (-19 - -25)?
-1
Calculate -5 + ((-5 - -9) + 0 - -1).
0
-6 - (-14 + 14 - (-1 - -1))
-6
What is -13 + 16 - (0 + 1)?
2
What is the value of 0 + 1 + -9 + 11?
3
Calculate 6 - (3 + 1 - 3).
5
Evaluate 5 + 6 + -20 - -18.
9
Calculate (7 - (0 - (1 - 4))) + -6.
-2
-8 + 8 + (2 - 0) + -2
0
What is -1 + (1 - (10 - 4))?
-6
Calculate -2 - 1 - (-8 - (8 - 14)).
-1
What is -4 + -5 - (7 - 11 - 2)?
-3
Evaluate (-8 - -1) + 5 + 1.
-1
(-23 - -9) + (1 - -7)
-6
What is the value of 0 - -3 - (-5 - -6)?
2
What is the value of -5 + 10 - (2 + 0)?
3
What is the value of 1 + 6 + (-7 + 7 - 5)?
2
Calculate 0 + 2 - (-4 + 19 + -5).
-8
Evaluate -104 + 102 - (-4 - 1).
3
Evaluate -1 + (4 + -1 - 4) + -1.
-3
Evaluate 6 + -1 - (-25 + 10 - -17).
3
What is -1 - (-2 + (-3 - -8))?
-4
What is the value of (-1 - 3) + -5 + (-2 - -10)?
-1
Calculate -4 + (7 - (2 + -3)).
4
Calculate -3 - (10 + -14 + -1).
2
4 + 2 - (10 + 3)
-7
What is -16 + 1 - (188 + -211)?
8
Evaluate 2 - 11 - (4 + -9).
-4
Evaluate 7 - 5 - (-1 - (1 + -2)).
2
Evaluate (7 - (8 - (6 - 0))) + -5.
0
What is the value of -6 + 0 + -98 + 112?
8
Evaluate -4 - (-9 - 0 - -1).
4
What is the value of 4 + (-2 + -1 + -2 - -7)?
6
What is (12 - 3) + (-13 - -6)?
2
Evaluate 2 - (-1 + 1 + -2).
4
What is -5 + 15 + (-3 - 4)?
3
Evaluate 0 + 6 + -5 + 0.
1
What is the value of 2 + 1 + -1 - (-30 - -31)?
1
What is the value of (7 - 7) + -2 - 2?
-4
(2 + -7 - (-1 + -1)) + 5
2
What is the value of -3 + 8 + -4 + 3?
4
What is the value of 4 + 0 + -1 + (2 - 0)?
5
What is -4 - -3 - (-2 - 0)?
1
Calculate (14 - 16) + 9 + (-1 - 2).
4
What is 4 + (0 - (-3 - -9)) + 1?
-1
Calculate -2 + 2 + 3 - 2 - -1.
2
What is (-5 - -11 - 12) + (0 - -1)?
-5
What is the value of 7 - 4 - -1 - 1?
3
Evaluate 5 + -4 + 5 - 0.
6
Calculate -4 + -2 + (-7 - -6) + 4.
-3
What is the value of -3 - (1 - -2) - (-10 + 2)?
2
What is the value of (-1 - (-8 - 0)) + (-92 - -84)?
-1
Evaluate -7 + (-8 - -4) + 6 - -11.
6
What is the value of (-158 - -157) + (1 - 1 - -4)?
3
What is 5 + 6 + -12 - 0?
-1
What is the value of -5 - (4 - 5 - 1) - 0?
-3
0 + -2 - (-5 - (-6 - -4))
1
What is -7 + -4 + 15 + -2?
2
Evaluate 6 - (8 - 0) - -5.
3
What is the value of 6 + (-18 - -6) - -1?
-5
Evaluate 15 + -15 - ((0 - -3) + 2).
-5
Evaluate -3 - (3 - 10 - -4).
0
3 + 4 + (-2 - (-6 + 17))
-6
(32 - 24) + -4 + -2
2
What is the value of (-1 - (-2 - 0)) + (12 - 12)?
1
-3 + -3 + (-3 - -2 - -2)
-5
What is 4 - 2 - 3 - (-5 + 4)?
0
What is -4 - (11 + -5 + -20)?
10
Calculate (0 - -5) + (-11 - -7).
1
What is the value of (-10 - -5 - -6) + 6 - 2?
5
Calculate -2 + -1 - (3 + -1 + 4).
-9
Evaluate -4 + (2 + -9 - -6).
-5
-9 + 3 + -6 + 5 + 3
-4
Calculate -3 - (-5 + (2 - 1) - -3).
-2
What is 1 - (0 + 6 - 4)?
-1
Calculate 2 + 5 + -10 + 4 + -3.
-2
Calculate 1 + 1 + -2 - (-32 - -29).
3
What is 0 + 0 + -2 + (100 - 94)?
4
4 - -3 - (-12 - (-3 + -11))
5
Calculate (1 - 2) + (-14 - -9 - -2).
-4
(2 - 2) + (0 - -3)
3
Evaluate (-1 - 0) + (1 - -2) + -1.
1
What is the value of -7 - (-3 + (1 + 1 - 2))?
-4
Calculate 2 - (9 + -19 - -10).
2
2 + -10 + (29 + -1 - 18)
2
What is the value of -3 + (4 - 2) - (4 + -9)?
4
What is -8 + 24 - (5 + 5)?
6
13 - (0 + (-2 - 4 - -12))
7
Evaluate 0 - 0 - (-3 - (1 - 5)).
-1
Calculate 10 - (2 + 6) - (9 + -5).
-2
What is the value of -6 + (0 - -3) + 2?
-1
What is -7 - (-6 + (-7 - -9))?
-3
Evaluate 1 + (-4 - (-5 - -6)) + 2.
-2
Evaluate -5 + (4 - (-2 - -2)).
-1
-6 + 1 + -2 - -4
-3
Calculate -19 + 23 - (0 + 0).
4
What is the value of -4 + (5 - 3) + 3 - -6?
7
6 - (3 + (-6 - 1) - -5)
5
(-1 + 0 - (6 - 7)) + 5
5
What is the value of (0 - (-3 - -6)) + (-3 - -6)?
0
What is (-13 - -9) + (-1 - (1 + -1))?
-5
5 + -10 + 4 + 2
1
Calculate 5 - (4 + 1 + 5).
-5
Calculate -3 - (2 - (0 + 5)).
0
Evaluate 1 + -1 + (2 - 0).
2
90 - 91 - (0 - -2)
-3
Evaluate -2 + (-2 - 2) - (-22 - -7).
9
-5 + 2 - (-5 + -2)
4
What is the value of -8 + (0 - -14) - 6 - 9?
-9
What is the value of -1 + 2 + -2 - (-6 + 1)?
4
Evaluate -3 - (-2 + 0) - (-1 - 0).
0
Calculate 0 - (0 - -1 - (-3 + 1)).
-3
Calculate -12 + -3 + (20 - 11).
-6
What is the value of 5 + -11 - -8 - 1?
1
(11 - 12) + (-1 - -3) + -5
-4
Calculate (4 - 15) + 1 + 2.
-8
What is the value of 6 + -1 + 0 - (2 - 1)?
4
Calculate (2 - (1 - (-15 + 7))) + 15.
8
Evaluate -4 - (-4 + (2 - 4) - -5).
-3
Evaluate -2 + 2 - -7 - 8.
-1
What is (2 + -1 - -1) + 17 + -22?
-3
Evaluate (-3 - (5 + -1 + 0)) + 4.
-3
-5 + (-4 + 5 - -3)
-1
8 - -3 - ((-7 - 4) + 16)
6
Calcu